 f = -13 - z. What are the prime factors of f?
5
Let w(p) be the first derivative of p**6/360 - p**5/120 - p**4/8 - p**3/3 - 1. Let q(f) be the third derivative of w(f). List the prime factors of q(4).
3
Suppose 3*g = -2*n - 3*n + 1236, 2*n = g + 501. List the prime factors of n.
3, 83
Let f(q) = -q + 16. Let y(d) = -d**3 + 6*d**2 + 6*d - 9. Let g be y(7). List the prime factors of f(g).
2
Let z(y) = -y**2 + 8*y + 2. Let h be z(8). Suppose 4 = h*w - 4. Let q(k) = -k**3 + 3*k**2 + 4*k + 2. List the prime factors of q(w).
2
Let q = -50 + 31. Let j = q + 22. What are the prime factors of j?
3
Suppose 7*c = 2*c + 190. Let d = c + 15. What are the prime factors of d?
53
Let r(u) = u**3 + 19*u**2 + 17*u - 18. Let y be r(-18). Suppose 5*n + 3*x - 61 = y, x = -5*n + 3*x + 76. What are the prime factors of n?
2, 7
Let s(v) = v. Let c(w) = 5*w - 9. Let f(n) = -2*n + 4. Let t(g) = -3*c(g) - 7*f(g). Let q(l) = 2*s(l) - t(l). List the prime factors of q(1).
2
Suppose -5*z + x = -449, -z - 4*x - 446 = -6*z. What are the prime factors of z?
2, 3, 5
Let f(u) = 12*u - 6. List the prime factors of f(3).
2, 3, 5
Let c = 15 - 11. Suppose -3*z + w + w = -1, -2*z + c*w = 10. Suppose z*b - 3 = j, 16 - 7 = 3*j. List the prime factors of b.
2
Let j = -54 + 38. Let i = j - -46. Let n = i - 18. List the prime factors of n.
2, 3
Let f(y) = -4*y**3 + 10*y**2 - 2*y - 6. Let b(c) = -7*c**3 + 19*c**2 - 5*c - 12. Let n(r) = 3*b(r) - 5*f(r). List the prime factors of n(5).
19
Let z(m) = m**3 + m + 6. Let h be (0/1)/(-1 + -1). List the prime factors of z(h).
2, 3
Let y = -92 - -131. List the prime factors of y.
3, 13
Let g(b) = 426*b. What are the prime factors of g(1)?
2, 3, 71
Let b = 22 - -23. List the prime factors of b.
3, 5
Suppose -1107 = -3*l - d - 2*d, -4*l = d - 1491. List the prime factors of l.
2, 11, 17
Suppose -358 + 120 = -2*h. List the prime factors of h.
7, 17
What are the prime factors of -8*1/(-2) - -144?
2, 37
Suppose 0 = p + 4*p + 2*k - 314, 4*p + 5*k - 241 = 0. List the prime factors of p.
2
What are the prime factors of 124/16 + 3/12?
2
Suppose -3*t - 100 = 5*i, -5*t + 4*t + 4*i - 5 = 0. Let l(a) = -a**2 - a - 5. Let m be l(-4). Let f = m - t. What are the prime factors of f?
2
Let j(o) = o - o + 4*o**2 + 2 - 2*o + o. Let p be j(2). Suppose -5*m = 20, -3*n + p = n - 2*m. What are the prime factors of n?
2
Suppose 3*k = 12, -3*l + l - 5*k = -338. List the prime factors of l.
3, 53
Suppose -g + 2*z = 4*g - 470, 0 = -5*g + 4*z + 470. What are the prime factors of g?
2, 47
Suppose 33 - 131 = 3*m + 4*f, 0 = -2*f + 2. Let b = -23 - m. List the prime factors of b.
11
Let i(u) = -4*u**2 - 2*u - 2. Let p(w) = w**2 + w + 1. Let f(c) = -i(c) - 2*p(c). Let g(v) = -2*v**3 + 2*v + 1. Let h be g(-1). List the prime factors of f(h).
2
Let p be (-5)/10 + 34/(-4). Let i = p + -1. Let z = -6 - i. List the prime factors of z.
2
Let d = 76 - 45. What are the prime factors of d?
31
Suppose 3*a + 1 = 10, 0 = 2*q - 2*a. Suppose 0 = -2*u - 2*v + 18, 5*v - 10 = 4*u - 37. Suppose -q*x + u = -25. List the prime factors of x.
11
Let i(o) = -o**2 + 6*o + 2. Let x be i(7). Let d = -6 + 9. Let z = d - x. List the prime factors of z.
2
Suppose -4 = -o - 0. Let c(g) = -g**3 + 5*g**2 - 3*g - 2. List the prime factors of c(o).
2
Let c be 33/(-7) - 4/14. Let i(p) = -p**3 + 5 + 4*p**2 + 2*p + 2*p - 8*p**2. What are the prime factors of i(c)?
2, 5
Suppose 0 = -5*g + 5*f + 365, -4*g + f + 292 = -f. List the prime factors of g.
73
Suppose 4*y - 7 = 5. What are the prime factors of (15*2/y)/1?
2, 5
Suppose 10 + 275 = 3*o. List the prime factors of o.
5, 19
Let j = -16 - -13. Let w = 17 + j. List the prime factors of w.
2, 7
Let a(x) = -4*x - 12. Let p be a(9). Let r = -28 - p. What are the prime factors of r?
2, 5
Let r = 629 + -390. List the prime factors of r.
239
Let d(j) = -2*j + 1. Let y be d(-2). Suppose 139 + 76 = y*q. What are the prime factors of q?
43
Suppose p = -p + 8. Let m be ((-18)/(-15))/(p/50). Let u = m - 5. What are the prime factors of u?
2, 5
Suppose -4*j + 12 = 3*n, 6 - 2 = -5*j + n. Suppose -4 = x, 2*y - 4*x = -j*y + 52. List the prime factors of y.
2, 3
Let c be (12/2)/(9/30). What are the prime factors of c/(-1)*3/(-3)?
2, 5
Suppose 8*g - 3*g - 230 = 0. What are the prime factors of g?
2, 23
What are the prime factors of (-4)/14 + 1380/28?
7
Let d = -4 - -2. List the prime factors of (9/18)/(d/(-52)).
13
Let w = 29 - 17. Suppose 0 = 2*j - j - w. Suppose -j = -a - 0. List the prime factors of a.
2, 3
Suppose -7*b + 26 + 51 = 0. What are the prime factors of b?
11
What are the prime factors of (-11)/(-3) + (-4)/(-12)?
2
Let s be 5/2 + 5/(-10). Suppose m - 1 = -l - 0*l, 4*l - s*m + 2 = 0. Suppose 0 = -5*v - l + 25. List the prime factors of v.
5
Suppose m - 2*v = -v + 68, 4*m + 5*v - 290 = 0. What are the prime factors of m?
2, 5, 7
Let m(j) = -j**2 + 10*j - 12. Let l be m(8). What are the prime factors of ((-20)/7)/(l/(-14))?
2, 5
Let k be (0 + 2)/((-6)/21). Let u = k + 3. List the prime factors of (22/u)/((-1)/2).
11
Let l = -2 + 0. Let o(d) = -d**3 - 7*d**2 + 8*d + 3. Let v be o(-8). List the prime factors of l/(-3) + 13/v.
5
Let i(j) = 52*j**3 + 2*j - 3. List the prime factors of i(1).
3, 17
Suppose -u = -3*u. Let k(y) = 2*y + 4. Let f be k(-3). List the prime factors of (2 - u)/(f/(-7)).
7
Suppose 0 = -h + 1, 0*h + 2 = b + 2*h. List the prime factors of (4 - 2) + (31 - b).
3, 11
Suppose 5*c + 2 - 3 = -2*k, 5*k = 3*c - 13. List the prime factors of 15 + c/(0 - 1).
2, 7
Let h = -6 - -10. Let d = 7 - h. Suppose d*b - 38 = c, -2*b - 2*c = -0*b - 28. List the prime factors of b.
13
Suppose 582 + 422 = 4*c. List the prime factors of c.
251
Let n(d) = -d**2 + d + 3. Let c be n(-3). Let y = 24 + c. What are the prime factors of y?
3, 5
Let p be (-1 + (-3)/3)*-1. Suppose -4*y + p*f = -0*y - 106, 3*f = -2*y + 41. Suppose 4*u - y = 5*t, -3 = 2*t + t. List the prime factors of u.
5
Suppose -2*t - 16 = 16. Let k = t - -22. Suppose 4*a - 46 = 2*m, -a - k = -4*m - 28. List the prime factors of a.
2, 5
Let l = 16 - 11. Suppose -33 = -3*v + u - 0*u, l*v + 3*u = 41. What are the prime factors of v?
2, 5
Let w = 222 - 120. What are the prime factors of w?
2, 3, 17
Suppose 0 = -2*v - a - 0 - 1, -3*v - 4 = a. What are the prime factors of (-62)/(-5) + v/(-5)?
13
Let h(t) = t**3 - 7*t**2 - 6*t - 8. Let y be h(8). Let r be 1/(-2) - (-4)/y. Suppose -2*a + 5*c - 6 = 0, -2*c + 12 = -r*a + 4*a. List the prime factors of a.
2
Let w(c) = -c**3 - 12*c**2 + 6*c - 10. Let z be w(-13). List the prime factors of z/6 - (-3)/(-6).
13
Let r(i) = -8*i - 1. Let k be r(-1). Let p(g) = -1 - 5 - g**2 + 5 + k*g. List the prime factors of p(3).
11
Let g be 1*(1 - (-6)/(-2)). Let i be (-1)/g - 21/(-6). Suppose -5*y + 43 = 2*q - 10, -2*q = i*y - 44. What are the prime factors of y?
3
Let p = -25 - -11. What are the prime factors of (63/p)/(3/(-4))?
2, 3
Let g(r) = -r**3 - 11*r**2 - 9*r + 12. Let k be g(-10). Suppose k*j = 4*j - 10. List the prime factors of j.
5
Suppose 0 = 2*u + 4*z - 70, 4*u + 0*z = -z + 168. List the prime factors of u.
43
What are the prime factors of (-4)/(-8)*(-3 - -11)?
2
Let c = -15 + 25. Suppose 3*t = 8 + c. What are the prime factors of t?
2, 3
Suppose 0 = 5*w + c - 372, -7 = 3*w + c - 231. List the prime factors of w.
2, 37
Suppose 0 = -2*p + 4*p - 18. Let o = 2 - -1. List the prime factors of (3/o - 0)*p.
3
Let b = -97 - -377. List the prime factors of b.
2, 5, 7
Suppose -48 = 6*c - 2*c. List the prime factors of 1/2*-3*c.
2, 3
Let z be (4/(-8))/(2/(-88)). Suppose 3*b - 74 = -d, 49 = 2*b + 5*d - z. What are the prime factors of b?
23
Suppose f = 3 - 4. What are the prime factors of (-4 - -1)*(f - 3)?
2, 3
Let a(i) = 2*i**2 + 2*i - 3. Suppose -5*c - u = -76, -7*u - 84 = -4*c - 2*u. Suppose 2*y = -5*l - c, y + 5*l = 2 - 15. What are the prime factors of a(y)?
3
Suppose 0 = -2*p - 2, 0 = 4*w + 3*p - 97. What are the prime factors of w?
5
Suppose -4*g - 6 = -2*t, 3*t - 2*t + 2*g = 7. Let b = 85 + -27. Suppose -5*s = -c - 15, 0 = -t*c - s + b - 3. What are the prime factors of c?
2, 5
Suppose -2*h - 4*z = -0*z + 156, 5*h - 3*z + 429 = 0. Let g = 118 + h. What are the prime factors of g?
2, 17
Suppose -2*t + 26 = -4*t. Let v = t + 7. Let w = -3 - v. What are the prime factors of w?
3
Let